(-2) a prime number?
False
Suppose -2717548 - 6977375 = -39*v + 5844276. Is v composite?
False
Suppose -227*p + 17255913 + 54812063 = 18429919. Is p a prime number?
False
Let w = -26873 + 70534. Is w prime?
True
Let u = 2767148 + -1915233. Is u composite?
True
Suppose -23*d - d = -4584. Is (1 - (-7 - 0)) + d prime?
True
Suppose 5*b - 2*i - 999 = -4*i, -2*i - 195 = -b. Suppose 4*j + 29 = -b. Is (j + 4)/(4/(-12)) a prime number?
False
Let r(b) = -2*b**2 + 8*b + 13. Let c be r(5). Suppose 0*u = c*u - 55041. Is u prime?
False
Let r be (88/(-66))/((-4)/3). Is (59935/20)/(r/4) a prime number?
True
Let i(m) be the first derivative of 3*m**4/2 + 4*m**3 - 41*m**2 + 13*m - 129. Is i(9) a composite number?
False
Suppose 4*i - 889 = 2*n - 3*n, -5*i = -5*n - 1130. Suppose -5*t = 3*b + 2*b - 385, 3*b + t = i. Let z = b + 324. Is z prime?
True
Suppose 2*a + 1586 = -1606. Is 50955/7 + (-19)/(a/(-24)) composite?
True
Let d(k) = 56*k**3 + 13*k**2 + 29*k - 163. Is d(17) prime?
False
Suppose 124281 = 14*n + 34079. Is n composite?
True
Is 2528669178/2268 + 1/(-2) a composite number?
True
Let j = 5718 - 2648. Let k = 1 + -1. Suppose 4*o + k*f - 12295 = -f, o - j = f. Is o a prime number?
False
Let j be (3 + -1)*(3 + -4) + 2. Let z be (21/(-35))/((2/20)/(-1)). Suppose m - 4*h - 1789 = j, 5*m + z*h - 8870 = h. Is m composite?
False
Let l = -852759 - -1577056. Is l a prime number?
False
Let a = 1256556 - 578227. Is a a composite number?
False
Let b be (-2)/(-9) - 34/(-9). Is 45/(-36) - (-11581)/b a composite number?
True
Let w(k) = 69*k + 107*k + 8*k + 103 + 199*k. Is w(12) prime?
False
Let t(i) be the second derivative of -i**6/120 + 3*i**5/20 - 3*i**4/4 + 3*i**3/2 + 2*i**2 - 20*i. Let p(l) be the first derivative of t(l). Is p(-8) composite?
True
Let k = -35 + 39. Suppose v - 2 = t - v, k*v - 10 = 5*t. Is (0 + 35)*(-2)/t a composite number?
True
Let r(c) = -c**3 + 37*c**2 - 96*c - 181. Is r(29) a prime number?
False
Let d(g) = 259*g**2 - 14*g + 593. Is d(20) composite?
False
Let i(a) be the second derivative of 1/2*a**4 + 0 - 1/5*a**5 + a**2 + 1/6*a**3 - 10*a. Is i(-8) a prime number?
False
Suppose 112 = 41*t - 48*t. Is 2/(-4) + 716/t*-2 a prime number?
True
Let f = 125 - 114. Suppose 3 = 7*m - f. Suppose 0 = -2*w - m*w + 2388. Is w a prime number?
False
Let y(c) = -4*c**2 + 2*c - 7. Let d(g) = -g**2 - g - 1. Let r(i) = -6*d(i) + y(i). Let j be r(-7). Let x = j + 26. Is x a prime number?
True
Suppose 27 = -8*y + 67. Suppose -y*n + 2*s = -1063, -3*n = -7*n + 5*s + 864. Is n a prime number?
True
Suppose -4*g = n + 20, 19*g - 20 = 22*g + 2*n. Is -3*g/3 - -3073 composite?
True
Let u = 11752 + -7625. Is u a composite number?
False
Suppose -2*x = -2*a + 154366, -3*x - 6727 = -2*a + 147643. Is a a prime number?
False
Let g = -66623 + 105834. Is g a prime number?
False
Let f(a) = -6*a + 31. Let p be f(4). Suppose -3*q - x + 6298 = 0, -3*q - 4*x - 8392 = -p*q. Is q composite?
False
Let f(s) = s**2 + 6*s + 23. Let t = 47 + -43. Suppose -t*j + 60 = j. Is f(j) a composite number?
False
Let y(g) = 719*g**2 - 63*g + 157. Is y(30) prime?
True
Suppose 5*l - 74 = -54. Suppose u + 21 = -0*m + 2*m, 2*m - l*u = 24. Suppose 10646 + 2024 = m*t. Is t a prime number?
False
Let d = -12104 + 5626. Let a = -1379 - d. Is a composite?
False
Let q(r) be the first derivative of 109*r**3/3 + r**2 - 3*r - 50. Is q(-4) composite?
False
Let g(v) = v**3 + 8*v**2 + 4*v - 3. Let w be g(-7). Suppose 2*f - w = 4*y, -5*f - 2*y = -5*y - 24. Suppose f*a - 837 = 354. Is a prime?
True
Let c(j) = 5 - 11*j + 13*j**2 + 8*j - 10*j. Suppose 24*t + 153 - 9 = 0. Is c(t) prime?
False
Is 2/(-5) - (-861264)/60 a composite number?
True
Suppose -4*w + 2*w + 3*r = -943, -5*w + 4*r = -2347. Let b be 33*(-1)/(-3)*w. Suppose 0 = -o + 2*z + b, -o + 2*z - 25649 = -6*o. Is o a prime number?
False
Let j be (-1 + -1 + 0/5)*2. Let a(v) = -v**2 + 6*v - 2. Let f be a(6). Is (f - 1) + 648 + j a prime number?
True
Let t(w) = 6125*w**2 + 278*w - 1. Is t(-6) composite?
True
Let b(n) = 3*n**2 - 18*n - 46. Suppose 8*q - 11*q + 205 = 5*d, q - 5 = 0. Is b(d) composite?
True
Let p be (1 - 4)/((-5)/(-4) - 2). Suppose 2*x = -p*y + 6586, -5*x - 6*y + 3*y + 16465 = 0. Let l = -1884 + x. Is l a prime number?
True
Suppose 4*c + 2*o - 23 = 1, c + 5*o = 24. Suppose -22063 - 96025 = -4*y - c*u, -4*u = 2*y - 59034. Is y composite?
False
Let a be (27 - (-1 + 3))*(20 + -22). Let i = a - -46. Is 8 + i - -64 - -3 a prime number?
True
Let h be 76/6*(-27)/(-6). Let q(i) = i**3 + 52*i**2 + 48*i - 94. Let c be q(-51). Suppose h*t - c*t + 1934 = 0. Is t a prime number?
True
Suppose 69*f - 11*f - 685966 = 0. Is f a composite number?
False
Suppose -3*g - 6*g = -18. Suppose -2*y = -3*k - 6*y + 3367, 3343 = 3*k - g*y. Suppose -k = -4*b + 639. Is b composite?
False
Let i = 114 - 59. Let o = i + -50. Suppose -2*m = -p + 2489 - 6454, -2010 = -m - o*p. Is m a composite number?
True
Is 118*-4*-4306*9/144 prime?
False
Let k(w) = -11*w**2 + 9*w + 4. Let j(u) = -u**3 + u**2 + 1. Let b(v) = -3*j(v) + k(v). Let n be 5 + 5*((-264)/30 + 9). Is b(n) prime?
True
Let j(b) = -3900*b - 1493. Is j(-41) a composite number?
False
Suppose 15*u + 21084 = -13*u. Let o = -334 - u. Is o prime?
True
Suppose 0 = -5*a - 30, 120710 + 117765 = n + 3*a. Is n prime?
False
Let v(s) = 399103*s - 1644. Is v(1) a prime number?
True
Let b(h) = -2937*h - 10. Let l be b(-2). Let z = l + -2275. Is z prime?
False
Suppose 3*z = 2*q + 2*q + 8, 3*z + 4 = -2*q. Let s be (-3)/q*40/(-15). Is ((-2454)/(-9))/(s/(-6)) prime?
True
Let y = 129219 - 60868. Is y a prime number?
True
Let b = 2364480 + -1512101. Is b a prime number?
False
Suppose 5*b - 15 = 0, 4*g - 1443 = -2*b + 547. Suppose s + 2*l + 2*l = g, -2*s = 5*l - 1007. Suppose 46*f - 40*f = s. Is f a prime number?
False
Let k be ((-3)/(-9))/((-1)/(-975)). Let r = k + -183. Suppose -7*q + r = -89. Is q a prime number?
False
Suppose -5*s + 5*g - 35 = 0, -2*g = 5*s - 4*g + 26. Let n be 1007/s + 12/16. Is 0*(3 + -3 + 1) - n prime?
True
Let a(h) be the second derivative of 797*h**4/2 - h**3/2 + 2*h**2 - 2*h - 24. Is a(1) a prime number?
True
Suppose 6*a - 3*q - 2439 = a, -2*q + 480 = a. Suppose -2*r = 4*u - a, -8 = -2*u + 4*u. Is r/(-2 - (-3 + 0)) prime?
True
Let l be (11095/20)/(((-36)/(-16))/9). Suppose -12*b + 15 = -9*b. Suppose l = b*z - 956. Is z a prime number?
False
Suppose 4 = -8*s + 10*s. Let i be (s*(-3)/(-12))/((-2)/3552). Let z = -569 - i. Is z a composite number?
True
Is 34/(-119)*(-2 - 5) + 741027 composite?
True
Let y(m) = m**2 + 10*m + 94. Let n be y(18). Suppose -n - 145 = -r. Is r a composite number?
False
Let n(m) = -m. Let z(p) = 1234*p - 13. Let b(h) = 5*n(h) + z(h). Let x be b(-2). Let f = x + 3462. Is f a composite number?
False
Let z = -3034 + -9540. Let g = z + 17715. Is g prime?
False
Let w(i) be the first derivative of 59/4*i**4 + i + 21 - i**3 + 3*i**2. Is w(2) prime?
False
Let l(c) = 233*c**2 - 7*c - 11. Let j(d) = -d**2 - 30*d + 93. Let n be j(-33). Is l(n) a prime number?
True
Let r be -18 + 17 - (-41 - 0). Suppose -r*p + 35*p + 2945 = 0. Is p a composite number?
True
Let q(a) = 4*a**3 + 3*a - 115. Let d be q(11). Let b = d - 1751. Is b prime?
True
Let n = 1693 - -18814. Is n prime?
True
Let p = 104 + -91. Let q(b) be the third derivative of b**6/120 - b**5/15 - 5*b**4/4 + 14*b**3/3 - 53*b**2. Is q(p) composite?
True
Let d = 448379 - 129876. Is d a prime number?
True
Let x(c) be the first derivative of -c**4/2 - c**3/3 + 11*c**2/2 + 92*c - 42. Is x(-13) a prime number?
False
Suppose 37721 = q - 5*t, -48*q + 4*t - 37703 = -49*q. Is q composite?
True
Suppose -4383 = 7*b + 37456. Let s = 11166 + b. Is s composite?
False
Let q = -89146 - -136019. Let w = 78258 - q. Is w a prime number?
False
Let u be (-8 - -8)*2/6. Suppose -3*c = -0*t + t + 112, 2*t - 3*c + 179 = u. Let k = 154 - t. Is k prime?
True
Let g be -3 - (0 + 10/(-2)). Suppose 333 = g*l - 3*v, 800 = 5*l - 5*v + 4*v. Let n = 418 - l. Is n composite?
True
Let y(i) = -13 + 8*i**2 + 9*i + 0 + 7*i - 4. Let p be y(15). Suppose -4*a + p = 3*o, 3*o + 0*a = 4*a + 2015. Is o composite?
False
Let v = 20 + -29. Let g be ((-2)/(-6))/((-1)/v). Suppose 2*w + 0*w - 172 = -2*c, -g*c = -w + 82. Is w composite?
True
Let d(f) = 10*f**2 + f**3 - 2*f**3 + 17*f - f**3 - 3*f**2 + 1. Is d(-8) compo